 -6 + 5 + -19 + 17 - (0 - 3).
0
What is (-13 + 20 - 12) + 10?
5
Evaluate (-5 + -6 - (-3 + -19)) + -3.
8
What is (-31 - 5) + (19 - (3 - -6))?
-26
Evaluate (0 + 2 + 2 - 21 - -7) + -1.
-11
What is 12 + 0 + (-14 - -9) + 1 + 12?
20
What is the value of (167 - 164 - (-1 - -9)) + (-3 - -1)?
-7
Evaluate -11 - (5 - 10 - 2).
-4
Calculate 21 + (-14 - (3 + -19 - -9)).
14
What is 3 + (6 - (20 - 30))?
19
Calculate -15 + (11 - (-4 + 2)).
-2
(-8 - 2 - -10) + 9 + 10 + -11
8
What is 3 + -3 - (-6 - -2 - -17) - 1?
-14
27 - (19 + 1 + -2)
9
Evaluate 13 + -10 + -1 + 3 + 14 - -3.
22
What is the value of ((-15 - -9) + -4 - 7) + 8?
-9
5 + (-127 - -119) + -1 + 0 + 0
-4
What is the value of 0 - -6 - ((8 - 3) + 1 - 7)?
7
-7 + (8 + -8 - -8)
1
What is the value of 16 + -12 - (3 + 2 - 2) - 7?
-6
0 - (-2 + (3 - 0)) - (-5 + 1)
3
(-12 - -37 - 10) + 0 + -7
8
Calculate 27 + (6 + 9 - 17 - (6 + -2)).
21
What is -6 + 19 + 10 + 6 + -17?
12
Calculate 1 + 4 + (-67 - -38) - (16 - 22).
-18
Calculate (-6 - 2) + 25 + -11.
6
(5 - 1) + 5 + -47 + 34
-4
Calculate (-20 - -3) + 45 + -28.
0
What is -61 + 3 - (236 + -277)?
-17
What is (-36 - (-11 - 22)) + (30 - 3) + -2?
22
(123 - 105) + (0 - 18)
0
What is the value of (-2 - (-1 - 4)) + -16 - (-3 + -2)?
-8
-23 + 0 + (2 - -6 - -8)
-7
Calculate -12 - 1 - (-196 + 177) - (2 + -28).
32
4 + 26 + -27 + (19 - 1) - 5
16
What is 12 + -4 + -2 - (-6 + 20)?
-8
What is -424 + 424 - (1 - 13)?
12
-854 + 842 - (1 + -1 + -13)
1
Evaluate 13 + 1 + 2 + -8 + 3 + 6.
17
Evaluate (10 - 1 - (-37 + 33)) + -1 - 8.
4
Evaluate 5 - (-17 + 7 - 2 - -1).
16
What is the value of 5 + -3 + 37 + -2 + (27 - 32)?
32
Evaluate 33 - 39 - (4 - 1) - -6.
-3
What is the value of (-15 - (-7 + 11 - 13)) + 3?
-3
What is -10 + 4 - (4 + 0 + 7)?
-17
(-1 - 16) + (1 - 1) + 27
10
-3 + (-25 - -5 - -18) + (0 - -21)
16
Evaluate (0 - (-5 + 1) - 1) + -112 + 116.
7
Evaluate 17 + 1 + -2 + (43 + -26 - 22).
11
What is the value of (76 - 90) + 11 + 1 - (2 - -19)?
-23
Evaluate -2 - ((-2 - 2) + 2 + 10 + -13).
3
Evaluate 3 + -8 - (-561 + 564).
-8
What is the value of 2 + -15 + 6 + 0 + 4?
-3
Evaluate 12 + (9 - (6 - 2) - (4 - -2)).
11
What is the value of 1 + -20 - (75 - 115)?
21
Evaluate 1 + 7 + -3 + -15 + 1.
-9
3 + (-23 + 8 - (0 - (2 + 3)))
-7
What is the value of -4 + -1 + -8 + 8 + -18?
-23
What is -31 + 12 - (-3 + (9 - 3 - 7))?
-15
1 - -1 - ((3 - 0) + -4 - -2)
1
What is (1 - 1 - (-18 - (-43 - -14))) + 0?
-11
Evaluate -9 - (30 - 39) - 33.
-33
Evaluate (-1 - -14) + (38 - 54).
-3
Calculate 4 + -18 - 6 - -27.
7
3 + (-18 - (-10 - -6))
-11
Calculate 1 - 13 - (4 + -27).
11
What is the value of (19 - (26 + 2) - (-17 + 0)) + 3?
11
What is the value of -2 + 2 - 2 - 19 - (-117 - -112)?
-16
Evaluate (0 - 2) + 6 + (5 - (8 - 6)).
7
What is the value of 9 - (-3 + 1 - -5) - 3?
3
What is (7 - (0 + -5 + 10)) + (5 - -9)?
16
Calculate -3 + 1 + -3 + (21 - 27).
-11
What is (-4 - (-3 + 12)) + 1 + 13?
1
What is -1 - 2 - (57 - 56) - -4?
0
What is (-2 + 2 - 10 - 3) + (4 - -3)?
-6
8 + -2 + -14 + (-18 - -37)
11
Calculate -7 + -2 + -65 + 68 + 3.
-3
What is the value of (1 - -1) + -187 + 171?
-14
Evaluate -4 + -8 + (2 - -21) + 7 + -12.
6
Calculate -7 + (2 - (2 + 6)) + (-3 - -9).
-7
Evaluate -1 - -4 - -18 - (-20 + 24).
17
Calculate 7 + (-2 - (-7 + 12)) + 13.
13
-3 - (-1 - (10 + -13)) - 1
-6
What is 9 - ((-7 - -4 - -11) + -1 + -3)?
5
Calculate 11 - (-2 + (-1 - -9)).
5
Calculate (2 - 7) + (-2 - (-5 - 15)).
13
What is the value of (-3 - 8) + -6 + -3 + 8?
-12
Calculate (2 - 15) + -27 + 34.
-6
What is 0 - -27 - (-22 - (11 + -25)) - 7?
28
10 - (7 + 0) - 4
-1
What is -3 + 3 + (10 + -9 - 7)?
-6
Calculate 2 - 17 - (4 + (-21 - (-4 + -7))).
-9
-2 + -12 + 0 + (-6 - -5) + 6
-9
Evaluate (1 - -4) + 0 + -16.
-11
What is -7 - (17 + -13 - 9)?
-2
Evaluate 11 + (19 + -12 - (19 - -2)).
-3
Evaluate 32 + (-13 + 20 - 23).
16
What is -32 + (-19 + 5 - -17)?
-29
What is the value of 4 + 5 - (7 + 11 + -7) - 13?
-15
8 + (10 + -8 - (-1 - 4))
15
10 + 1 + 128 + -133
6
What is the value of -5 + 3 + -7 - -2 - (1 - 8)?
0
((2 - 1 - -1) + 2 - 1) + -4
-1
What is 6 + -12 + -5 + 4 + 9?
2
Calculate -9 - 1 - (-6 + 4 + (-2 - 1)).
-5
Evaluate -9 - -25 - -5 - (-6 + 1 + -5).
31
Calculate 109 + -114 + (3 - (-4 - -1)).
1
Evaluate 11 + (-17 - -7) + 5 + -3.
3
Evaluate 9 + (-6 - (1 - -7) - -10).
5
-4 + (2 - (-6 - 5)) - 0
9
-5 + 5 + (5 + -3 - 3) - -7
6
What is the value of 0 + 1 + -11 + 73 + -72 - -7?
-2
(-12 - -27 - 5 - 8) + (-1 - -6)
7
Calculate -4 + -16 + (75 - 55).
0
What is 229 - 222 - (1 + 1)?
5
Evaluate (10 - 14 - 11) + 11.
-4
Evaluate -4 + (7 - (7 - 14 - (4 - 6))).
8
Calculate (-4 + -13 - -13) + -2 + 6.
0
Evaluate -3 + (-8 - (18 - (-8 + 8))).
-29
What is the value of 1 + 3 + (5 + 5 + -12 - -8)?
10
What is the value of 26 + -36 + 7 + -10?
-13
-8 - (-4 - (-1 + (1 - 4) + 3))
-5
What is the value of -8 + (-1 - 6) + (11 - 9) + 4?
-9
Evaluate -17 + 20 + (5 - -3) + 2.
13
4 + (10 - (1 - -6)) - 3
4
What is 43 - (-19 - (18 + -57))?
23
Calculate 7 - (-10 - -30) - (-1 + -2).
-10
What is 10 + (8 - (11 + -9) - 35)?
-19
Evaluate (-13 - (2 + -5)) + -173 + 165.
-18
Calculate -9 + 2 + 13 - 5.
1
Calculate (1 - 2) + (-8 - -5) - (-316 - -318).
-6
13 + 27 - 24 - 32
-16
What is the value of 28 + -9 + -10 - 3 - (0 + -10)?
16
7 + (-22 + (20 - 10) - (-20 + 11))
4
What is -19 + (0 - -2) - -12?
-5
Evaluate (3 - -3 - (11 + -2 + -6)) + 4.
7
Evaluate 30 + (-40 - -24) - -25.
39
Calculate -14 + (2 - -7) + (-41 - -28).
-18
What is 4 + 1 + -1 + (15 - 1) + -6?
12
What is the value of 4 + -8 - (2 - 0) - 4?
-10
Calculate 8 + (2 - -5) + 24 + -21 + 10.
28
Evaluate (39 - 2 - 39) + 12 + 1 - -9.
20
What is the value of -15 - (-33 - (-17 - -13))?
14
Calculate 5 + -6 + 13 - 3 - -4.
13
Evaluate 245 - 247 - (0 + -9) - 2.
5
2 - (2 - -4 - (10 - 11) - 1)
-4
What is (-1 - -13) + 2 - (104 - 99)?
9
Evaluate 25 + -5 + (6 - 38).
-12
Evaluate (-20 - (17 + -21)) + 5 + 1.
-10
4 + 8 + 3 + -5 + 4 + -8
6
Evaluate (0 - 6) + -209 + 219.
4
Calculate -17 - -1 - (-842 - -822).
4
Evaluate -2 + -7 - -1 - (23 + (-1 - 21)).
-9
Evaluate -11 + (15 - 13) - -12.
3
What is the value of -1 - 6 - (-30 - -18 - -16 - -1)?
-12
What is the value of 1 + 6 + (12 - (-32 - -40))?
11
What is (3 - 18) + 6 + 0?
-9
Calculate -10 - (1 + 12 - 17).
-6
Calculate 6 + -13 - (-67 + 24) - 11.
25
What is the value of -273 + 268 - (2 + 1)?
-8
(32 + -19 - 17) + 9 + -2
3
Evaluate 7 + -13 + -5 + 10 - 5.
-6
Evaluate -8 + (36 - (24 - -3)).
1
Calculate (-15 - -21) + 9 + 4 + -23.
-4
What is 0 + -9 + (103 - 88)?
6
Evaluate -15 + 0 - (3 + -13 + -2).
-3
What is the value of 22 + 28 + 14 + -43?
21
What is -244 + 232 + 9 + (1 - -1) - 1?
-2
2 + -7 - (22 + -37 + 24)
-14
What is 0 - (5 + -21 + 12 + -6 + 0)?
10
What is the value of -19 - (7 - -9) - -22?
-13
What is (-2 - (-4 - 1)) + 7 + 2 + 7?
19
Calculate -12 - (-10 - 7 - 5) - 21.
-11
Calculate 3 + -6 + 1 + -10.
-12
What is the value of (5 - 3 - -3) + -13?
-8
What is (15 - 12) + (7 - 25)?
-15
What is 1 + -5 - (-18 - (22 + -21)) - 3?
12
What is the value of 9 + -6 + -13 + (-13 - -8)?
-15
What is 1 + 7 + -3 - ((-2 - 0) + 5)?
2
Calculate 12 + (-12 - -4) - -3 - 8.
-1
What is the value of (63 - 84) + (1 - -8) + -2?
-14
Calculate (15 - 6) + -11 - -1 - (3 - 8).
4
-1 + -6 + (23 - 26) + 5 + -7
-12
Evaluate 25 + -17 + (2 - -4).
14
Calculate -18 + 4 + 7 + (-5 + 2 - -7).
-3
What is the value of -17 - -42 - (-12 - -18)?
19
Evaluate (14 - (26 + -16)) + (7 - -2).
13
-23 + (-2 - (18 - 12) - 3) + 1
-33
Evaluate 77 + -86 + 4 + -1 - 3.
-9
What is the value of (-4 - -14) + (-32 - -20)?
-2
What is (-13 - (6 + -22)) + 12?
15
-17 + 2 + 2 + (3 - 6)
-16
(9 - 14) + 14 - 0 - -3
12
Evaluate -1 + -1 + 1 - (0 + 19 + -41).
21
What is -3 - (-3 + 3 + 3) - (-40 + 27)?
7
(13 - 2) + -4 - 24
-17
Evaluate (-23 - -29 - (11 + -2)) + -6 - 0.
-9
15 - (-1 - (12 + -26 + 9))
11
What is the value of 0 + -6 - (0 - ((6 - -4) + -2))?
2
What is -1 - -1 - (-23 - -20) - (8 - -1)?
-6
8 - (0 + -1) - (-33 + -5 - -32)
15
What is the value of 11 + -27 - (2 + -19)?
1
-9 - (3 - 16 - (-145 - -139))
-2
8 + -1 + (-8 - 9) + 15 - 2
3
Calculate 35 - ((-7 - -8 - -3) + 0 - -7).
24
-1 - (13 - 31) - 19
-2
8 + -32 + -14 + 70
32
Evaluate 2 + 3 - (-6 - 8 - -8).
11
-4 + -4 + 2 + (-227 - -245)
12
What is 9 - 21 - (-2 + -8 + 7)?
-9
Evaluate -11 - (-59 + 75 + -37).
10
-11 + (-15 - -20) + 13
7
Calculate 4 + (8 - 13) - (